e 2*p + 2 = 0, u - 42 = -p - 32. What is q(u)?
10
Let a(v) = -274*v + 315. Let l(b) = 76*b - 105. Let o(u) = 2*a(u) + 7*l(u). Calculate o(-6).
-9
Let w(r) = -r**3 + 3*r**2 - 2*r - 4. Let a be 3 - (-1 - (-10 + -4)). Let q(o) = -2*o - 17. Let j be q(a). Let s be w(j). Let f(g) = g + 7. Determine f(s).
-3
Let v(d) be the second derivative of -7*d**5/10 - 55*d**4/12 + 7*d**3/6 + 3*d**2 + 4*d - 301. What is v(-4)?
-6
Let n(v) be the third derivative of -v**6/60 + v**5/60 + v**4/12 - v**3/3 + 25*v**2. Let x be n(2). Let l(u) = -u**3 - 11*u**2 - 8*u + 13. What is l(x)?
-7
Let t = -58 - -20. Suppose -8*d - 3*o + 101 = -174, -51 = -d + 2*o. Let n = d + t. Let u(x) = 4*x. What is u(n)?
-4
Suppose p - 4*p = -5*w + 11, -3*p + 1 = -2*w. Suppose -w*k + 40 = 28. Let q(o) = -5*o**k - 16*o + 6*o + 9*o + 2 - 1. Determine q(1).
-5
Let r(s) = -s - s + 4*s - 15. Suppose 2*m + 50 = 3*z + 7*m, 4 = -80*m + 81*m. Give r(z).
5
Let n(s) = -10*s - 64. Let q(k) = -3*k - 19. Let i(y) = 6*n(y) - 21*q(y). Calculate i(-8).
-9
Let l = 17 + -126. Let c = -106 - l. Let w(r) = r**3 - r**2 + r - 1. Give w(c).
20
Let m(s) = -2424*s + 4799*s - 31 - 2388*s. Calculate m(2).
-57
Let x = 23 - 17. Let w be 8/6*(2 + (-3)/x). Suppose w*o + 20 = -3*o. Let l(d) = -d**2. Determine l(o).
-16
Let m be ((-1)/2 + -2)*(-374)/11. Suppose -2*a + 28 = -4*k, 5*k = a - 6*a + m. Suppose 4*u = 2*u - a. Let i(n) = n**3 + 8*n**2 + 6. Give i(u).
6
Let i(l) = l**3 + 27*l**2 + 61*l + 270. Let f be i(-25). Let m(g) = -5 - 3*g + 2*g + 2*g. Calculate m(f).
-10
Suppose 0 = -2*j - 3*t - 2*t + 19, 2*t + 2 = 0. Let p(g) = -8 - 16112*g**3 - 3*g**2 + 8057*g**3 - 9*g**2 + 8056*g**3. Calculate p(j).
-8
Let f(g) = g**2 - 5*g - 4. Let p(w) = 2*w - 9. Let q be p(8). Let s be (7 - q) + 0 + 1 - 55. Let r be 5/2*s/(-27). Calculate f(r).
-4
Let v(g) = -g**3 - 4*g**2 + 2*g + 4. Let q(n) = -n - 8. Let d be q(-8). Suppose d = 7*u - 9*u + 4. Suppose -u*m = 3*m + 20. Determine v(m).
-4
Let i(z) be the third derivative of 1/120*z**6 + 0 + 59*z**2 + 2/3*z**3 - 1/24*z**4 + 0*z + 0*z**5. Give i(0).
4
Let k(u) = -7*u**2 + 3*u + 10. Let t(h) = -h**2 + 1. Let y(j) = -k(j) + 6*t(j). Let v(p) = -3*p**2 - 9*p + 6. Let a be v(-7). Let n = a + 83. Determine y(n).
6
Let v(d) = -279 - 3*d + 572 - 282. Calculate v(4).
-1
Let z(p) = -2*p - 1. Let u(q) = 53*q + 165. Let y be u(-3). Suppose -4*j - 6 = -3*f + 13, -4*f + 5*j + 25 = 0. Let v be (8/y)/(f/15). Determine z(v).
-9
Let z(j) = j**2 + 14*j + 16. Suppose -5*l + f = 29, 4*l + 5*f - 40 = 8*l. Determine z(l).
-29
Let q(a) = -1 - 7*a + 5*a + a**2 + 0*a**2. Let b be 0 + (1*-50)/(-5). Suppose 0 = -0*u - 2*u - k + 8, 0 = 5*k - b. Determine q(u).
2
Let l(d) be the third derivative of 47*d**4/24 + 25*d**3/3 + 3723*d**2. Calculate l(-1).
3
Let c(g) = -g**3 - 5*g**2 + 2*g + 8. Suppose 0 = 2*y - 5*y - 2*j - 392, -5*j + 108 = -y. Let k = y - -122. What is c(k)?
32
Let n(o) be the first derivative of -2*o**3 - 1/4*o**4 + o + 7/2*o**2 - 11. Determine n(-6).
-41
Let a(o) = -o**3 + o**2 + o. Suppose -7 - 33 = -3*q - 4*l, -2*l = 3*q - 44. Suppose -3*h - 4*f + q = -2*f, -h - 2*f + 12 = 0. Give a(h).
-2
Let q(n) = -15*n - 10. Let f(v) = -14*v - 8. Let s(j) = -5*f(j) + 4*q(j). Let p = -85 - -84. Give s(p).
-10
Let f(h) be the second derivative of -h**5/10 + 13*h**4/12 + 7*h**3/3 - 39*h**2/2 - 8798*h. Calculate f(7).
10
Let o(u) be the first derivative of u**4/12 - u**3/6 + 42*u**2 - 36. Let a(y) be the second derivative of o(y). Calculate a(-1).
-3
Let h(p) = 34*p**3 + 10*p**2 - 3*p - 7. Let i(q) = 32*q**3 + 13*q**2 - 4*q - 9. Let y(s) = 5*h(s) - 4*i(s). Give y(-1).
-44
Suppose 3*n - 3 = 0, 8*n - 4*n = -4*r + 36. Let j = -15 - -22. Let f(w) = -5 - 5*w + r - j. Determine f(-4).
16
Let y(s) = 31*s - 18. Let z(b) = -162*b + 99. Let q(k) = -11*y(k) - 2*z(k). Determine q(-1).
17
Let a(l) = -4*l**2 - 7*l - 5. Let s(t) = -2*t + 1. Let m(v) = -v**2 - v - 2. Let x(p) = 2*m(p) + s(p). Let k(b) = 6*a(b) - 11*x(b). Give k(-2).
-9
Let n(j) be the first derivative of 0*j - 17*j + 5*j + 113 + 7*j - 3*j**2. Give n(-6).
31
Let g(x) = 4*x. Suppose 39*k - 29*k = 0. Suppose 33*f - 211 + 13 = k. Determine g(f).
24
Let x(b) = 14*b**2 - 3*b + 1. Suppose 0 = 39*k + 5 - 83. Give x(k).
51
Suppose 142*k - 1741 - 291 = 396*k. Let b(i) = 10*i + 63. What is b(k)?
-17
Suppose 4*c = -z - 38, -4*z + z + 3*c = 24. Let y(m) be the third derivative of -m**4/12 - 11*m**3/2 + 8*m**2. Determine y(z).
-5
Let s(c) be the third derivative of -c**7/1260 - c**6/360 + 77*c**5/60 + 2*c**2 - 31. Let m(b) be the third derivative of s(b). Give m(-3).
10
Suppose -3*b + s = -4*s - 28, 3*b - 4*s = 23. Let j(r) = -b + 0 - r + 0. Suppose -5*d = c - 15, 3*c - 39 = -24. Calculate j(d).
-3
Let i(k) = 2 - 13 + 31 + 65*k - 35. Calculate i(1).
50
Let b(c) = 14*c - 502 + 162 + 198 + 161. Determine b(-6).
-65
Let o(m) = -6*m. Suppose -71*c + 76*c = 180. Let r(p) = -2*p**2 - 1. Let n be r(4). Let j = c + n. Calculate o(j).
-18
Let x(f) be the second derivative of 21*f**3/2 - 65*f**2 + 3*f - 169. Determine x(2).
-4
Let v be (111/9 + -11)/(2/3). Let h(n) be the second derivative of 0 - 1/2*n**3 + 1/2*n**v + 9*n - 1/6*n**4. Give h(2).
-13
Let n = -41 - -45. Suppose 5*h = -z + 6, z = -4*h + n*z + 20. Suppose -y + 59 = h*y + 4*t, y + 7 = 4*t. Let d(s) = s - 20. Determine d(y).
-7
Suppose 2*b - 2*s - 3*s = 5, 0 = -5*s - 15. Let f(a) = -26*a - 121. Let c be f(b). Let m(q) = -q - 11. Determine m(c).
-20
Let w(i) = -i**3 - 3*i**2 + i. Let m(h) = 4*h**3 + 13*h**2 - 7*h - 5. Let p(a) = -m(a) - 3*w(a). Let t = -122 + 118. Determine p(t).
-11
Let t(z) = -147*z - 1908. Let p be t(-13). Let a(x) = -5*x + 4. What is a(p)?
-11
Let h(j) = 3*j + 1. Let i(t) = 9*t. Let y(s) = 7*s. Let c(g) = -4*i(g) + 5*y(g). Let r(d) = -7*c(d) - 3*h(d). Determine r(6).
-15
Let m = 137 + -136. Let s(p) = 1 - 7*p - 6*p + 18*p. What is s(m)?
6
Suppose 5*j - 5*g = -30, 9*g = -j + 11*g - 6. Let n(y) = -14*y - 18. Give n(j).
66
Let u be (-1)/3 + 7/3. Let p(c) = c**u - c**2 - 8*c + c**2 + 9. Suppose 20*m - 24 = 16*m + 2*w, w = m - 5. Give p(m).
2
Let h(t) = -t**2 - 6*t - 3. Let x = 120 - 201. Suppose 4*y + 3*y + 595 = 0. Let a = y - x. Calculate h(a).
5
Let f(d) = -4 - 5*d + 0*d + 0*d - 3*d. Suppose 5*s + 6*g = 2*g + 11, s = g + 4. Calculate f(s).
-28
Suppose -18*i - 69 = 59 - 38. Let g(q) = -2*q - 16. What is g(i)?
-6
Let w(x) = -23*x - 5. Let s(i) = 119*i + 25. Let g(d) = -6*s(d) - 31*w(d). Suppose -t = -28 + 24. What is g(t)?
1
Let w = 11015 + -11017. Let c(y) = 4 - y**2 + 2*y + 5*y**2 - 4. Give c(w).
12
Let s(o) = -o**2 - 20*o + 37. Let d(w) = w**2 + 82*w + 162. Let j be d(-80). Calculate s(j).
-7
Let p(d) = -8*d + 49. Let z(x) = 8*x - 52. Let h(q) = -3*p(q) - 2*z(q). Let u be h(5). Let v(y) = y**2 + y - 4. Give v(u).
2
Let f(g) = g**3 + 6*g**2 - 19*g - 16. Let t be f(-8). Let x(l) be the third derivative of 11/6*l**3 + 17*l**2 - 1/24*l**4 + 0*l + 0. Determine x(t).
3
Let j be 1/(23 + (-1269)/54). Let s(f) = -13*f**3 - 2*f**2 + 3*f + 6. What is s(j)?
96
Let o(n) be the first derivative of -5*n + 1 + 4 - n**2 - 4. Let d = 10073 + -10078. What is o(d)?
5
Suppose 0 = 107*i + 97 + 331. Let u(p) = p**2 - 6. Let y(h) = -h**2 - h + 5. Let g(w) = -2*u(w) - 3*y(w). What is g(i)?
1
Suppose -6 = -5*t + 2*p - 2, t - 2*p + 4 = 0. Suppose 2*s = -t*s - 4*u - 8, -2*s = 4*u. Let f be 18/s - 8/(-16). Let r(v) = 4*v - 1. Give r(f).
-17
Let i(u) = 2*u**2 + 12*u - 2. Suppose -f = 3*q + 17, q + 34*f - 30*f = -13. Calculate i(q).
-12
Suppose -5*x + 15 = 1633*k - 1628*k, 0 = 2*k + x - 2. Let i(y) be the third derivative of y**4/6 + y**3/6 + y**2. Give i(k).
-3
Let w be (-74)/4*(-34)/17. Suppose 3*u = -4*r + 9, u = 3*u + 2*r - 6. Let q(i) = w*i + 25*i - i**u + 8*i**2 + 6 - 71*i. Calculate q(7).
-8
Let x(m) = -10*m**3 - 2*m**2 + m. Let j(p) = p**3 - 32*p**2 + 62*p - 62. Let a be j(30). Let o be (a/18*-3)/(1/3). Determine x(o).
-11
Let c(x) = x**3 - 7*x**2 - 5*x + 4. Let m be 2475/363 + ((-4)/(-22))/1. Determine c(m).
-31
Let w = -17 + 20. Let p(n) = 0*n + w*n - 3 - 2 - 4*n. Let r(d) = d**3 - d**2 - 4*d - 5. Let k be r(0). What is p(k)?
0
Let f(b) be the first derivative of -106 + 1/2*b**4 - 2*b - 4/3*b**3 + 2*b**2. Determine f(2).
6
Let m(x) be the second derivative of x**7/840 - x**6/120 - x**4/6 - 29*x**3/6 - 18*x. Let s(b) be the s